[INFO] cloning repository https://github.com/MetaMuffin/kekchess
[INFO] running `Command { std: "git" "-c" "credential.helper=" "-c" "credential.helper=/workspace/cargo-home/bin/git-credential-null" "clone" "--bare" "https://github.com/MetaMuffin/kekchess" "/workspace/cache/git-repos/https%3A%2F%2Fgithub.com%2FMetaMuffin%2Fkekchess", kill_on_drop: false }`
[INFO] [stderr] Cloning into bare repository '/workspace/cache/git-repos/https%3A%2F%2Fgithub.com%2FMetaMuffin%2Fkekchess'...
[INFO] running `Command { std: "git" "rev-parse" "HEAD", kill_on_drop: false }`
[INFO] [stdout] 5a20c420486f802a91c0bb811384edd5012a4183
[INFO] checking MetaMuffin/kekchess against master#9610dfe5a9a731ced1ea4923ecbd0c57fe367898 for beta-170-4
[INFO] running `Command { std: "git" "clone" "/workspace/cache/git-repos/https%3A%2F%2Fgithub.com%2FMetaMuffin%2Fkekchess" "/workspace/builds/worker-7-tc1/source", kill_on_drop: false }`
[INFO] [stderr] Cloning into '/workspace/builds/worker-7-tc1/source'...
[INFO] [stderr] done.
[INFO] validating manifest of git repo https://github.com/MetaMuffin/kekchess on toolchain 9610dfe5a9a731ced1ea4923ecbd0c57fe367898
[INFO] running `Command { std: CARGO_HOME="/workspace/cargo-home" RUSTUP_HOME="/workspace/rustup-home" "/workspace/cargo-home/bin/cargo" "+9610dfe5a9a731ced1ea4923ecbd0c57fe367898" "metadata" "--manifest-path" "Cargo.toml" "--no-deps", kill_on_drop: false }`
[INFO] started tweaking git repo https://github.com/MetaMuffin/kekchess
[INFO] finished tweaking git repo https://github.com/MetaMuffin/kekchess
[INFO] tweaked toml for git repo https://github.com/MetaMuffin/kekchess written to /workspace/builds/worker-7-tc1/source/Cargo.toml
[INFO] crate git repo https://github.com/MetaMuffin/kekchess already has a lockfile, it will not be regenerated
[INFO] running `Command { std: CARGO_HOME="/workspace/cargo-home" RUSTUP_HOME="/workspace/rustup-home" "/workspace/cargo-home/bin/cargo" "+9610dfe5a9a731ced1ea4923ecbd0c57fe367898" "fetch" "--manifest-path" "Cargo.toml", kill_on_drop: false }`
[INFO] running `Command { std: "docker" "create" "-v" "/var/lib/crater-agent-workspace/builds/worker-7-tc1/target:/opt/rustwide/target:rw,Z" "-v" "/var/lib/crater-agent-workspace/builds/worker-7-tc1/source:/opt/rustwide/workdir:ro,Z" "-v" "/var/lib/crater-agent-workspace/cargo-home:/opt/rustwide/cargo-home:ro,Z" "-v" "/var/lib/crater-agent-workspace/rustup-home:/opt/rustwide/rustup-home:ro,Z" "-e" "SOURCE_DIR=/opt/rustwide/workdir" "-e" "CARGO_TARGET_DIR=/opt/rustwide/target" "-e" "CARGO_HOME=/opt/rustwide/cargo-home" "-e" "RUSTUP_HOME=/opt/rustwide/rustup-home" "-w" "/opt/rustwide/workdir" "-m" "1610612736" "--user" "0:0" "--network" "none" "ghcr.io/rust-lang/crates-build-env/linux@sha256:5ff2268d62e97bff2cde7d5815dd6ed5b47097566f13b8d0ca110b04b60e07ed" "/opt/rustwide/cargo-home/bin/cargo" "+9610dfe5a9a731ced1ea4923ecbd0c57fe367898" "metadata" "--no-deps" "--format-version=1", kill_on_drop: false }`
[INFO] [stdout] c48d76812a234972f8b24d45a5e38410d4129ef72344fab41eabc2f97efd26f6
[INFO] running `Command { std: "docker" "start" "-a" "c48d76812a234972f8b24d45a5e38410d4129ef72344fab41eabc2f97efd26f6", kill_on_drop: false }`
[INFO] running `Command { std: "docker" "inspect" "c48d76812a234972f8b24d45a5e38410d4129ef72344fab41eabc2f97efd26f6", kill_on_drop: false }`
[INFO] running `Command { std: "docker" "rm" "-f" "c48d76812a234972f8b24d45a5e38410d4129ef72344fab41eabc2f97efd26f6", kill_on_drop: false }`
[INFO] [stdout] c48d76812a234972f8b24d45a5e38410d4129ef72344fab41eabc2f97efd26f6
[INFO] running `Command { std: "docker" "create" "-v" "/var/lib/crater-agent-workspace/builds/worker-7-tc1/target:/opt/rustwide/target:rw,Z" "-v" "/var/lib/crater-agent-workspace/builds/worker-7-tc1/source:/opt/rustwide/workdir:ro,Z" "-v" "/var/lib/crater-agent-workspace/cargo-home:/opt/rustwide/cargo-home:ro,Z" "-v" "/var/lib/crater-agent-workspace/rustup-home:/opt/rustwide/rustup-home:ro,Z" "-e" "SOURCE_DIR=/opt/rustwide/workdir" "-e" "CARGO_TARGET_DIR=/opt/rustwide/target" "-e" "CARGO_INCREMENTAL=0" "-e" "RUST_BACKTRACE=full" "-e" "RUSTFLAGS=--cap-lints=forbid" "-e" "RUSTDOCFLAGS=--cap-lints=forbid" "-e" "CARGO_HOME=/opt/rustwide/cargo-home" "-e" "RUSTUP_HOME=/opt/rustwide/rustup-home" "-w" "/opt/rustwide/workdir" "-m" "1610612736" "--user" "0:0" "--network" "none" "ghcr.io/rust-lang/crates-build-env/linux@sha256:5ff2268d62e97bff2cde7d5815dd6ed5b47097566f13b8d0ca110b04b60e07ed" "/opt/rustwide/cargo-home/bin/cargo" "+9610dfe5a9a731ced1ea4923ecbd0c57fe367898" "check" "--frozen" "--all" "--all-targets" "--message-format=json", kill_on_drop: false }`
[INFO] [stdout] 01bcfab59e71919c124954fe898c4b57e39e318a2d12d6ac855beadbe01b6ac2
[INFO] running `Command { std: "docker" "start" "-a" "01bcfab59e71919c124954fe898c4b57e39e318a2d12d6ac855beadbe01b6ac2", kill_on_drop: false }`
[INFO] [stderr]    Compiling libc v0.2.88
[INFO] [stderr]     Checking getrandom v0.2.2
[INFO] [stderr]     Checking rand_core v0.6.2
[INFO] [stderr]     Checking rand_chacha v0.3.0
[INFO] [stderr]     Checking rand v0.8.3
[INFO] [stderr]     Checking kekchess v0.1.0 (/opt/rustwide/workdir)
[INFO] [stdout] error[E0635]: unknown feature `option_result_contains`
[INFO] [stdout]  --> src/main.rs:2:12
[INFO] [stdout]   |
[INFO] [stdout] 2 | #![feature(option_result_contains)]
[INFO] [stdout]   |            ^^^^^^^^^^^^^^^^^^^^^^
[INFO] [stdout] 
[INFO] [stdout] 
[INFO] [stdout] error[E0635]: unknown feature `option_result_contains`
[INFO] [stdout]  --> src/main.rs:2:12
[INFO] [stdout]   |
[INFO] [stdout] 2 | #![feature(option_result_contains)]
[INFO] [stdout]   |            ^^^^^^^^^^^^^^^^^^^^^^
[INFO] [stdout] 
[INFO] [stdout] 
[INFO] [stdout] error[E0599]: no method named `contains` found for enum `Option` in the current scope
[INFO] [stdout]    --> src/chess/moves.rs:218:24
[INFO] [stdout]     |
[INFO] [stdout] 218 |             .any(|a| a.contains(&self.active_color));
[INFO] [stdout]     |                        ^^^^^^^^ method not found in `Option<Color>`
[INFO] [stdout] 
[INFO] [stdout] 
[INFO] [stdout] error[E0599]: no method named `contains` found for enum `Option` in the current scope
[INFO] [stdout]    --> src/chess/moves.rs:218:24
[INFO] [stdout]     |
[INFO] [stdout] 218 |             .any(|a| a.contains(&self.active_color));
[INFO] [stdout]     |                        ^^^^^^^^ method not found in `Option<Color>`
[INFO] [stdout] 
[INFO] [stdout] 
[INFO] [stdout] error: aborting due to 2 previous errors
[INFO] [stdout] 
[INFO] [stdout] 
[INFO] [stdout] Some errors have detailed explanations: E0599, E0635.
[INFO] [stdout] 
[INFO] [stdout] For more information about an error, try `rustc --explain E0599`.
[INFO] [stdout] 
[INFO] [stdout] error: aborting due to 2 previous errors
[INFO] [stdout] 
[INFO] [stdout] 
[INFO] [stdout] Some errors have detailed explanations: E0599, E0635.
[INFO] [stdout] 
[INFO] [stdout] For more information about an error, try `rustc --explain E0599`.
[INFO] [stdout] 
[INFO] [stderr] error: could not compile `kekchess` (bin "kekchess" test) due to 3 previous errors
[INFO] [stderr] warning: build failed, waiting for other jobs to finish...
[INFO] [stderr] error: could not compile `kekchess` (bin "kekchess") due to 3 previous errors
[INFO] running `Command { std: "docker" "inspect" "01bcfab59e71919c124954fe898c4b57e39e318a2d12d6ac855beadbe01b6ac2", kill_on_drop: false }`
[INFO] running `Command { std: "docker" "rm" "-f" "01bcfab59e71919c124954fe898c4b57e39e318a2d12d6ac855beadbe01b6ac2", kill_on_drop: false }`
[INFO] [stdout] 01bcfab59e71919c124954fe898c4b57e39e318a2d12d6ac855beadbe01b6ac2
